 Let s = -108 + k. List the prime factors of s.
71
Suppose 12*m - 1633 + 4825 = 0. Let s = -170 - m. What are the prime factors of s?
2, 3
Let h(q) = 4*q - 52. Let n be h(12). List the prime factors of (-2)/n*(-1043)/28*-8.
149
Suppose p - 141*y - 38352 = -142*y, -2*p + 2*y + 76728 = 0. What are the prime factors of p?
2, 3, 2131
Let i = -4892 + 8589. List the prime factors of i.
3697
Suppose 768 + 1044 = 6*b. Let m = b - -3. What are the prime factors of m?
5, 61
Let w(b) = 229*b**3 - 2*b**2 + 3*b - 1. Suppose -11*k = 9*k + 880. Let i = -43 - k. List the prime factors of w(i).
229
Suppose 128*u - 3882018 = -153*u - 1037455. What are the prime factors of u?
53, 191
Let h be 2/((-32)/(-1756))*4. Let s be (-9)/(-3) + -4 + -1 + h. Let r = s - 149. List the prime factors of r.
2, 3
Let t = 1056 + -531. Suppose 3*r = 2*z + t, -5*r + z + 882 = -0*z. What are the prime factors of r?
3, 59
Let z(p) = -p**2 + 12*p + 37. Let t be z(14). What are the prime factors of 876 - (-2 - (-18 + t))?
11, 79
Suppose 4*i - 25519 = -l, -17*l + 2*i - 127685 = -22*l. What are the prime factors of l?
3, 8513
Let a = 1362 - 442. Suppose a = -106*q + 116*q. List the prime factors of q.
2, 23
Suppose 43 = -0*z + 2*z - v, -4*z + 90 = 2*v. Let i = -16 + z. Suppose i*s = 655 + 131. List the prime factors of s.
131
Let a = -48 - -55. Suppose -a*b = -0*b - 336. Let d = 101 - b. List the prime factors of d.
53
Let n(b) = -b**3 - 23*b**2 + 25*b + 24. Let j be n(-24). Suppose 4*k = 4*c - 4, -3*c - 18 = 4*k - j*c. List the prime factors of k/(6/(-8)) - -21.
5
Suppose 0 = -3*k + p + 77955, -1682*k + 1679*k - 4*p + 77925 = 0. What are the prime factors of k?
3, 2887
Let f be ((-24)/(-28))/(-3)*21/(-3). Suppose 4*n - 4 = -4*v, -4*v + 9 = -f*n - 1. Suppose -3*g - 2*a = -40, 3*g - 26 = 3*a + v*a. List the prime factors of g.
2, 3
Let m = -166132 - -244347. What are the prime factors of m?
5, 15643
Let g(f) = -195*f**3 + 3*f**2 - 2. Let s = -67 + 66. Let b be g(s). Let w = b - 132. List the prime factors of w.
2
Suppose 31 = 2*n - 29. Suppose -n = -9*o - o. Suppose o*t - 253 = 20. List the prime factors of t.
7, 13
Let k be (-49 - 1)/(-5)*-1. Let b be (-44)/k + 2/(-5). Suppose 2*g - b*n = 34, 4*g + n = 2*g + 49. What are the prime factors of g?
23
Suppose -19*d + 1039182 = 92*d. What are the prime factors of d?
2, 31, 151
Let h be (-1)/10 + (-7554)/60. Let t = 161 - h. What are the prime factors of t?
7, 41
What are the prime factors of 12/(-1) + 4759 - (-1 + 1 - 2)?
3, 1583
Suppose -l = -5*l + 5*s + 253, -1 = s. Suppose -l*d + 56*d + 1338 = 0. List the prime factors of d.
223
Let b(p) = -p**3 + 17*p**2 + 22*p - 110. Let n be b(7). Suppose -n - 132 = -3*i. What are the prime factors of i?
2, 3, 37
Suppose 5*p - 5 = p - l, 19 = 2*p - 5*l. Suppose -3*y = p*q - 264 - 1467, -y = -3*q + 2613. What are the prime factors of q?
2, 3, 5, 29
Let i(x) = -x**3 + 4*x**2 - 4*x + 2. Let s be i(2). Suppose 5*c + q - 919 = 0, 3*c + 2*c = s*q + 922. What are the prime factors of c?
2, 23
What are the prime factors of 4/(48/18)*(6 + 1398700/30)?
2, 7, 1249
Suppose -5*t + 21 = 2*t. Suppose t*z + 3*z = 1986. Suppose -z = -3*i + 23. List the prime factors of i.
2, 59
Suppose -518 = -4*z - 134. Suppose -3 + 3 = 8*j. Suppose n + 0*o = 2*o + z, 5*n + 4*o - 480 = j. What are the prime factors of n?
2, 3
Let q(v) = -2*v**2 + 22*v - 25. Let f be q(9). Suppose -f*g + 13*g = 392. What are the prime factors of g?
2, 7
Let l(j) = 7*j**2 - 44*j + 39. Let c(r) = -3*r**2 + 22*r - 20. Let x(o) = 9*c(o) + 4*l(o). What are the prime factors of x(10)?
2, 37
Let s(b) = -b**2 + b + 2. Let c be s(0). Let j(g) = 46*g - 4. Let u be j(c). Suppose u = -28*w + 29*w. What are the prime factors of w?
2, 11
Suppose 2*y + 4*d - 20327 - 10277 = 0, -y + 5*d + 15337 = 0. List the prime factors of y.
2, 3, 11, 29
Suppose 0 = -2*u - 51 + 193. Let m = u + -67. Suppose m*r = -2*r + 588. List the prime factors of r.
2, 7
Suppose 33 = 2*l + 39, -5*b = 5*l - 29285. List the prime factors of b.
2, 5, 293
Let d(s) = s**3 + 14*s**2 - 5*s - 5. Suppose -2*x + g - 17 = 0, 6*g + 19 = -3*x + g. What are the prime factors of d(x)?
419
Let c(y) = 7821*y**2 - 11*y + 5. List the prime factors of c(1).
3, 5, 521
Let u be (-4 + (-10)/(-3))/(2/1134). Let t = u - -709. Suppose 0 = 3*y - t - 65. What are the prime factors of y?
2, 3, 11
Let m = 24 + 49. Suppose -3*x - 3*r = -63, 5*r = -x - 2*x + m. Suppose -x*n - 417 = -19*n. List the prime factors of n.
139
Suppose 621*z + 45647 = 5*g + 620*z, -5*z - 9091 = -g. List the prime factors of g.
23, 397
Suppose -5*h + 33727 = -3*r, 240*h - 3*r = 242*h - 13474. What are the prime factors of h?
11, 613
Let t(h) = 2*h. Let b(c) = 53*c + 35. Let i(j) = -2*b(j) + 2*t(j). What are the prime factors of i(-9)?
2, 53
Let a(x) = 49*x**2 + 3*x - 5. Let g be 2*(-5)/75 + 86/(-30). List the prime factors of a(g).
7, 61
Suppose l - 4*w - 2454 = -5*w, 2*w = l - 2454. List the prime factors of l.
2, 3, 409
Suppose 0 = 6*p - 1221 - 4155. Suppose -24*i - p = -26*i. Suppose 2*z = 4*o - 594 + 156, -4*o = -4*z - i. List the prime factors of o.
107
Suppose -26*u - 1040 = -22*u. Let a = -75 - u. Suppose 4*z + a = 557. What are the prime factors of z?
3, 31
Let y(h) = 417*h - 6. Let q be y(4). Suppose 0*b + 3*b = q. What are the prime factors of b?
2, 277
Suppose 4*t - 10 = -j + 16, 2*j - 4*t = 28. Suppose -322 = j*g - 20*g. Let q = 303 - g. What are the prime factors of q?
2, 71
List the prime factors of 131763/21 + 2 + ((-399)/49)/19.
2, 3, 523
Let n be (4 + 8)*((-5)/(-3) + 0). Let a = n - 24. Let f(y) = 6*y**2 - 7*y - 8. List the prime factors of f(a).
2, 29
List the prime factors of (198 - 190) + 12026/(2 + 0).
3, 223
Let m = -65 - -65. Suppose m = -0*j + 4*j + 36. List the prime factors of 678/18 - ((-15)/j)/(-5).
2, 19
Let u(p) = -24*p**3 - 74*p**2 + 16*p - 20. What are the prime factors of u(-14)?
2, 3, 4259
Let z = -60197 - -121180. List the prime factors of z.
13, 4691
Let u(s) = -114*s - 1. Let t be u(-3). Let o = -311 - -86. Let p = t + o. What are the prime factors of p?
2, 29
Let z = 300 - -360. Suppose -y - z = -b, -535 - 1473 = -3*b - 4*y. List the prime factors of b.
2, 83
Let q be (0/2)/(2 + -1). Suppose -355*b = -399*b + 37356. Suppose 4*d - b + 337 = q. List the prime factors of d.
2
Suppose 50 - 44 = -2*n. Let u(w) = 1. Let f(g) = 12*g + 14. Let d(o) = -f(o) + 3*u(o). List the prime factors of d(n).
5
Let k(b) = b**3 + 7*b**2 - 5*b - 18. Let c be k(-7). Let q = c + 482. List the prime factors of q.
499
Let i(m) = 8 + 0 + 4*m**2 - 6 + m. Suppose -3*p - 2*p + 15 = 0. What are the prime factors of i(p)?
41
Let x = -3202 + 5242. Suppose 9*v + x = 24*v. What are the prime factors of v?
2, 17
Let c(a) = 37*a - 90. Let w be c(12). Suppose 2*l + 5*k = 1305 + w, 4*k = -4*l + 3288. What are the prime factors of l?
19, 43
Suppose 3*c = -3*g + 15, 2*c - g + 0*g - 13 = 0. Let l(i) = 10*i - 14. Let z be l(c). Let m = z - -39. List the prime factors of m.
5, 17
Suppose -1602967 = -159*c + 3528599. List the prime factors of c.
2, 3, 11, 163
Let a(x) = -3*x**2 - 2*x - 17. Let s(m) = 10*m**2 + 7*m + 51. Let y(w) = 7*a(w) + 2*s(w). Let t be y(-20). Let c = -215 - t. What are the prime factors of c?
2, 101
Suppose 0 = 5*p - 3*z - 1673 + 287, 12 = 4*z. List the prime factors of p.
3, 31
Let u = 19692 - -12231. List the prime factors of u.
3, 3547
Let v = 22333 + -17819. List the prime factors of v.
2, 37, 61
List the prime factors of (-18684)/(-7) + (-9)/126*2.
17, 157
Let h(t) be the third derivative of -t**5/60 + 7*t**4/12 - t**3/2 + 4*t**2. Let n be h(13). Let x(v) = v**2 - 3*v + 8. What are the prime factors of x(n)?
2, 3, 13
Suppose 5*j + 8 = g - 17, 2*g + 2*j = -10. Suppose g = -5*f + 4*f + 1448. What are the prime factors of f?
2, 181
Suppose 14 = 2*i - 2*s, 2*i + 5*s = -8 + 1. Suppose -3*m - 156 = -x, 0 = i*x + 3*m - 4*m - 657. List the prime factors of x.
3, 5, 11
Let y(f) = -2*f**3 + 6*f**2 - 69*f - 53. What are the prime factors of y(-14)?
7577
Let k = -18 + 36. Suppose k*a - 1107 = 15*a. What are the prime factors of a?
3, 41
Let n = -48 - -42. Let o(y) = y**3 + 9*y**2 + 6*y - 6. Let j be o(n). Suppose -3*r + 777 = j. What are the prime factors of r?
3, 79
Let g = 226 - 199. Let z = g - -48. List the prime factors of z.
3, 5
Su